{"id":21,"date":"2014-09-26T17:23:32","date_gmt":"2014-09-26T17:23:32","guid":{"rendered":"http:\/\/192.168.1.104\/enfold-photography\/?page_id=21"},"modified":"2021-02-22T20:40:53","modified_gmt":"2021-02-22T19:40:53","slug":"firma","status":"publish","type":"page","link":"https:\/\/orgelbau-hauser.ch\/index.php\/firma\/","title":{"rendered":"Firma"},"content":{"rendered":"<p>\u200b&lt;span id=&#8220;__caret&#8220;&gt;_&lt;\/span&gt;&lt;p&gt;&lt;p&gt;<\/div><\/div><\/div><!-- close content main div --><\/div><\/div><div id='full_slider_1' class='avia-fullwidth-slider main_color avia-shadow   container_wrap fullsize'   ><div  data-size='featured_large'  data-lightbox_size='large'  data-animation='fade'  data-ids='515,516'  data-video_counter='0'  data-autoplay='false'  data-bg_slider='false'  data-slide_height=''  data-handle='av_slideshow_full'  data-interval='5'  data-class=' '  data-css_id=''  data-scroll_down=''  data-control_layout='av-control-minimal'  data-custom_markup=''  data-perma_caption=''  data-autoplay_stopper=''  data-image_attachment=''  data-min_height='0px'  data-src=''  data-position='top left'  data-repeat='no-repeat'  data-attach='scroll'  data-stretch=''  data-default-height='42'  class='avia-slideshow avia-slideshow-1  av-control-minimal av-default-height-applied avia-slideshow-featured_large av_slideshow_full   avia-fade-slider '  itemscope=\"itemscope\" itemtype=\"https:\/\/schema.org\/ImageObject\" ><ul class='avia-slideshow-inner' style='padding-bottom: 46.5625%;'><li  class=' slide-1 ' ><div data-rel='slideshow-1' class='avia-slide-wrap'  ><img src='https:\/\/orgelbau-hauser.ch\/wp-content\/uploads\/2018\/05\/header2.jpg' width='1280' height='596' title='header2' alt=''  itemprop=\"thumbnailUrl\"   \/><\/div><\/li><li  class=' slide-2 ' ><div data-rel='slideshow-1' class='avia-slide-wrap'  ><img src='https:\/\/orgelbau-hauser.ch\/wp-content\/uploads\/2018\/05\/header3.jpg' width='1280' height='596' title='header3' alt=''  itemprop=\"thumbnailUrl\"   \/><\/div><\/li><\/ul><div class='avia-slideshow-arrows avia-slideshow-controls'><a href='#prev' class='prev-slide' aria-hidden='true' data-av_icon='\ue87c' data-av_iconfont='entypo-fontello'>Zur\u00fcck<\/a><a href='#next' class='next-slide' aria-hidden='true' data-av_icon='\ue87d' data-av_iconfont='entypo-fontello'>Weiter<\/a><\/div><div class='avia-slideshow-dots avia-slideshow-controls'><a href='#1' class='goto-slide active' >1<\/a><a href='#2' class='goto-slide ' >2<\/a><\/div><\/div><\/div><\/div><\/div><\/div><!-- close content main div --><\/div><\/div><div id='av-layout-grid-1' class='av-layout-grid-container entry-content-wrapper main_color av-flex-cells    container_wrap fullsize'   ><div class=\"flex_cell no_margin av_one_third   \" style='vertical-align:top; padding:30px; '><div class='flex_cell_inner' ><p><div style='padding-bottom:10px;' class='av-special-heading av-special-heading-h3    '><h3 class='av-special-heading-tag '  itemprop=\"headline\"  >Orgelbau Hauser<\/h3><div class='special-heading-border'><div class='special-heading-inner-border' ><\/div><\/div><\/div><section class=\"av_textblock_section \"  itemscope=\"itemscope\" itemtype=\"https:\/\/schema.org\/CreativeWork\" ><div class='avia_textblock  '   itemprop=\"text\" ><p>&lt;br \/&gt;&lt;strong&gt;\u00dcber 40 Jahre Orgel-Kunsthandwerk&lt;\/strong&gt;Die in unserer Firma neu erbauten Orgeln &#8211; nunmehr gegen 140 an der Zahl &#8211; legen Zeugnis ab von unserem Bestreben, an der hochstehenden Orgelbautradition des 16. &#8211; 19. Jahrhunderts anzukn\u00fcpfen, ohne dabei Anspr\u00fcche an die heutige Zeit ausser Acht zu lassen. Hauptanliegen ist es, inspirierende Instrumente zu fertigen, die sich auch durch beste klangliche und architektonische Einbindung in den Raum auszeichnen. Unserer Ansicht nach darf beim Orgelbauen keine blosse Routine aufkommen. Vielmehr gilt es auf Basis eines in sich schl\u00fcssigen Konzepts, optimale Ergebnisse zu erzielen.&lt;br \/&gt;<\/p>\n<\/div><\/section><\/p>\n<\/div><\/div><div class=\"flex_cell no_margin av_one_third   \" style='vertical-align:top; padding:30px; background-color:#f7f7f7; '><div class='flex_cell_inner' ><p><div style='padding-bottom:10px;' class='av-special-heading av-special-heading-h3     '><h3 class='av-special-heading-tag '  itemprop=\"headline\"  >Team-Arbeit<\/h3><div class='special-heading-border'><div class='special-heading-inner-border' ><\/div><\/div><\/div><section class=\"av_textblock_section \"  itemscope=\"itemscope\" itemtype=\"https:\/\/schema.org\/CreativeWork\" ><div class='avia_textblock  '   itemprop=\"text\" ><p>&lt;br \/&gt;&lt;strong&gt;Ohne Teamwork l\u00e4uft gar nichts.&lt;\/strong&gt;Schon bei der Planung einer neuen Orgel wird der Geh\u00e4usebauer beigezogen: Wie kann das Geh\u00e4use optimiert werden in Bezug auf beste musikalische Eigenschaften, aesthetische Anspr\u00fcche und doch grosser Einfachheit in der Bauart? Eine andauernde Kommunikation zwischen allen Beteiligten bis zur Fertigstellung der Orgel ist notwendig.&lt;br \/&gt;<\/p>\n<\/div><\/section><\/p>\n<\/div><\/div><div class=\"flex_cell no_margin av_one_third   \" style='vertical-align:top; padding:30px; background-color:#eaeaea; '><div class='flex_cell_inner' ><p><div style='padding-bottom:10px;' class='av-special-heading av-special-heading-h3     '><h3 class='av-special-heading-tag '  itemprop=\"headline\"  >Jubil\u00e4umsbrosch\u00fcre<\/h3><div class='special-heading-border'><div class='special-heading-inner-border' ><\/div><\/div><\/div><section class=\"av_textblock_section \"  itemscope=\"itemscope\" itemtype=\"https:\/\/schema.org\/CreativeWork\" ><div class='avia_textblock  '   itemprop=\"text\" ><p>&lt;br \/&gt;&lt;strong&gt;Mit Freude und Stolz schaut Armin Hauser Orgelbau auf sein erfolgreiches 40-j\u00e4hriges Bestehen zur\u00fcck.&lt;\/strong&gt;Dabei erz\u00e4hlt die Jubil\u00e4umsbrosch\u00fcre nicht nur die bewegende Geschichte der Firma, sondern geht auch detailliert auf den Entstehungsprozess einer Orgel ein, von der Planung bis hin zu der Umsetzung. Auch zeigt sie in eindr\u00fccklicher Manier, mit welcher Hingabe sich die Protagonisten diesem Handwerk hingeben. Erg\u00e4nzt werden diese spannenden Ausf\u00fchrungen durch imposante Bilder einiger auserw\u00e4hlter Werke.&lt;br \/&gt;Sie k\u00f6nnen die Brosch\u00fcre elektronisch von unserer Homepage &lt;a href=&#8220;https:\/\/orgelbau-hauser.ch\/wp-content\/uploads\/2018\/05\/jubilaeum-40-broschuere_2010.pdf&#8220; target=&#8220;_blank&#8220; rel=&#8220;noopener&#8220; data-mce-href=&#8220;https:\/\/orgelbau-hauser.ch\/wp-content\/uploads\/2018\/05\/jubilaeum-40-broschuere_2010.pdf&#8220;&gt;herunterladen&lt;\/a&gt;, oder \u00fcber das &lt;a href=&#8220;http:\/\/orgelbau-hauser.ch\/kontakt&#8220; data-mce-href=&#8220;http:\/\/orgelbau-hauser.ch\/kontakt&#8220;&gt;Kontaktformular&lt;\/a&gt; kostenlos bei uns bestellen.&lt;br \/&gt;<\/p>\n<\/div><\/section><\/p>\n<\/div><\/div><\/div><\/div><\/div><\/div><!-- close content main div --><\/div><\/div><div id='av-layout-grid-2' class='av-layout-grid-container entry-content-wrapper main_color av-flex-cells    container_wrap fullsize'   >&lt;br \/&gt;<div class=\"flex_cell no_margin av_one_half   avia-full-stretch \" style='height:400px; min-height:400px;background-image:url(https:\/\/orgelbau-hauser.ch\/wp-content\/uploads\/2018\/05\/orgeln1.jpg); background-position:center center; background-repeat:no-repeat; background-attachment:scroll; vertical-align:top; padding:30px; '><div class='flex_cell_inner' ><\/div><\/div><div class=\"flex_cell no_margin av_one_half   avia-full-stretch \" style='height:400px; min-height:400px;background-image:url(https:\/\/orgelbau-hauser.ch\/wp-content\/uploads\/2018\/05\/orgeln2.jpg); background-position:center center; background-repeat:no-repeat; background-attachment:scroll; vertical-align:top; padding:30px; '><div class='flex_cell_inner' ><\/div><\/div>&lt;br \/&gt;<\/div>&lt;\/p&gt;&lt;\/p&gt;<\/p>\n\n\n<p><\/p>\n","protected":false},"excerpt":{"rendered":"<p>\u200b&lt;span id=&#8220;__caret&#8220;&gt;_&lt;\/span&gt;&lt;p&gt;&lt;p&gt;&lt;\/p&gt;&lt;\/p&gt;<\/p>\n","protected":false},"author":1,"featured_media":0,"parent":0,"menu_order":0,"comment_status":"open","ping_status":"open","template":"","meta":[],"_links":{"self":[{"href":"https:\/\/orgelbau-hauser.ch\/index.php\/wp-json\/wp\/v2\/pages\/21"}],"collection":[{"href":"https:\/\/orgelbau-hauser.ch\/index.php\/wp-json\/wp\/v2\/pages"}],"about":[{"href":"https:\/\/orgelbau-hauser.ch\/index.php\/wp-json\/wp\/v2\/types\/page"}],"author":[{"embeddable":true,"href":"https:\/\/orgelbau-hauser.ch\/index.php\/wp-json\/wp\/v2\/users\/1"}],"replies":[{"embeddable":true,"href":"https:\/\/orgelbau-hauser.ch\/index.php\/wp-json\/wp\/v2\/comments?post=21"}],"version-history":[{"count":16,"href":"https:\/\/orgelbau-hauser.ch\/index.php\/wp-json\/wp\/v2\/pages\/21\/revisions"}],"predecessor-version":[{"id":1241,"href":"https:\/\/orgelbau-hauser.ch\/index.php\/wp-json\/wp\/v2\/pages\/21\/revisions\/1241"}],"wp:attachment":[{"href":"https:\/\/orgelbau-hauser.ch\/index.php\/wp-json\/wp\/v2\/media?parent=21"}],"curies":[{"name":"wp","href":"https:\/\/api.w.org\/{rel}","templated":true}]}}